 digit of n(-11)?
1
Let v = -8 + 13. Suppose 0 = -2*d + v*l + 20, 3*d + 2*l = d + 34. What is the tens digit of d?
1
Suppose -5*r + 87 = -158. What is the units digit of r?
9
Let l be 36/30*(-20)/(-3). Suppose 0 = 2*z + u - 5, 5*u + 3 = -z + 28. Suppose -2*o + o + l = z. What is the units digit of o?
8
Let r(n) = n**3 + 4*n**2 - 2. Let z be r(4). Let t be (-30)/(-50) + z/(-10). Let f = t + 30. What is the units digit of f?
8
Suppose 2*o = -s + 15, 7*o - 45 = 2*o - 5*s. What is the units digit of o?
6
Let t(o) = o**2 + 4*o + 4. Let i be t(-2). Suppose 29 = 3*r - l, -l + 3 + 1 = i. What is the tens digit of r?
1
Let p be 189/(-15) + 3/5. What is the units digit of (28/p)/(1/(-3))?
7
Let u(x) = -5*x**3 - 2*x**2 - x. Let n be u(-1). Suppose a + 2 = 0, p - 5 = 3*a - a. Let r = p + n. What is the units digit of r?
5
Suppose -3*d = 12 - 21. Let l be (-1 - 1*-1)/2. What is the units digit of (l - (d - 2)) + 11?
0
What is the tens digit of 45 - (0/1)/5?
4
Let f(k) = k**2 + k - 4. Let m be f(0). Let j = m + 5. What is the units digit of j?
1
Let b = 5 - -24. What is the units digit of b?
9
Let s(w) = w**2 - 4*w + 6. Let z be 3/(-15) - (-63)/15. What is the units digit of s(z)?
6
Let s(f) be the third derivative of -7*f**4/24 - f**3/3 + 2*f**2. What is the tens digit of s(-2)?
1
Suppose -w = -15*w + 2436. What is the hundreds digit of w?
1
Suppose 5*q - q - 120 = 0. Let i = q - 19. What is the units digit of i?
1
Let f = -27 - -46. What is the tens digit of f?
1
Suppose 0 = 5*d - 4*r - 16, 2*d - r - 4 = 6*d. What is the units digit of -2 - (2 + (d - 31))?
7
Let x(r) = -2 + 2 + 5 + 5*r - 4. Let j be x(1). Suppose 2*t - 3*p = -2*p + 11, -5*p = -3*t + j. What is the units digit of t?
7
Let o = -1 - -1. Let i = 0 + o. Suppose 0*b + 2*b - 20 = i. What is the tens digit of b?
1
Let a(f) = 3*f**2 - 9*f - 8. Let o(w) = 7*w + 8 - 5*w**2 + 11*w + 8. Let l(d) = -7*a(d) - 4*o(d). What is the tens digit of l(-6)?
1
Let q = 128 + 9. What is the units digit of q?
7
Suppose 5*i = -2*x + 128, 4*x - 2*i + i - 256 = 0. Let a = x + -38. What is the tens digit of a?
2
Let o = 33 + -22. Let p = o - -2. What is the tens digit of p?
1
Let k = 71 - 37. What is the units digit of k?
4
Suppose 0 = 6*o - 3*o + 90. Let p = -18 - o. What is the units digit of p?
2
Suppose 5*o = -4*p - 17, p - 22 = 3*p - 2*o. What is the units digit of p/(-2)*10/4?
0
Suppose 41 = 5*v - 3*r, -6 + 2 = 2*r. Suppose -5 - v = -a. What is the units digit of a?
2
Suppose m - 39 = -0*m - u, -4*u = -5*m + 186. What is the units digit of m?
8
Let s(m) = -2*m - 5. Let h be s(-4). Let g be h/(-5)*5*-1. Suppose -10 = -3*j + b, 3*j + 0*b = g*b. What is the units digit of j?
5
Suppose -2*b = -4*k + 80, -3*k - 5 = -b - 65. Suppose -5*q = -q - k. Let f = q + 5. What is the units digit of f?
0
Let z = 1 - 7. Suppose 3*u + 2*m + 18 = 0, -2*u - 2*u + 5*m = 24. What is the units digit of (-9)/u*(-20)/z?
5
Let l = -7 + 1. Let x be 0 - (-3)/(l/(-2)). What is the units digit of (0/(-3) + x)*1?
1
Suppose 2 + 10 = -2*o. Let r(c) = -c**2 - 7*c - 2. Let x be r(o). Suppose -2*s + x = -0*s. What is the units digit of s?
2
Let g(h) = -h**3 + 6*h**2 + 6*h + 10. Let v be g(7). Let l(z) = z**3 - 2*z**2 + 3*z - 4. What is the tens digit of l(v)?
1
Let q(a) be the third derivative of -a**5/60 + a**4/24 + 4*a**3/3 - 3*a**2. What is the units digit of q(0)?
8
Suppose 3*o - 62 = -w, -2*w + 136 = -0*w + 3*o. What is the tens digit of w?
7
What is the hundreds digit of 163/4*(5 + -1)*1?
1
Suppose -4*s - 8 = -s - 5*h, -3 = -3*h. What is the tens digit of 29 - (-1 + (-2)/s)?
2
What is the hundreds digit of (-1333)/(-7) + (-7)/((-245)/(-15))?
1
Suppose -5*n + 8 = -7. Suppose 0 = -n*y + 7*y - 16. Suppose -y*u + 3*p + 20 = 0, 2*p + 44 = 5*u + 3*p. What is the units digit of u?
8
Suppose 0 = 6*q - 7*q + 264. What is the hundreds digit of q?
2
Let c be (-2)/3 + 65/3. Let o = c - 10. Let g = 20 - o. What is the units digit of g?
9
Suppose -i + 24 + 60 = 0. What is the tens digit of i?
8
Suppose 3*f = -2*g - 3, 6*g - 4*f - 4 = g. Suppose -w + 3*s + 24 = 0, 4*s = -w - g*w - 4. What is the tens digit of w?
1
Suppose -2*t = 4 - 0. Let y = -1 - t. What is the units digit of y?
1
Suppose j - 2*k - 118 = 0, 2*j = 4*j - 3*k - 241. What is the hundreds digit of j?
1
Let t = 1 + -7. Let h(q) = -q**3 - 6*q**2 - 2*q + 4. What is the tens digit of h(t)?
1
Suppose -11*s + 9*s = c - 70, 0 = 4*c - 3*s - 335. What is the tens digit of c?
8
Let r(q) = -q - 2. Let n be r(-7). Suppose s = x + 1, 15 = n*x - 4*s + 3*s. What is the units digit of x?
4
Let g(h) = -90*h. What is the tens digit of g(-1)?
9
Suppose 6*s - s - 1665 = 0. What is the tens digit of s?
3
Suppose -7*f = -2*f - 245. What is the tens digit of f?
4
Suppose 13 = -2*w - 5. Let q = 15 + w. What is the units digit of q?
6
Let w(o) = -10*o**3 + 2*o**2 - 6. What is the tens digit of w(-2)?
8
Let p(z) = -z + 7. Let k be p(6). Suppose y - 3 = k. What is the units digit of y?
4
Suppose 0*l - 2*y = 3*l - 16, -3*y = -5*l + 33. Suppose 3 - l = 3*f. What is the units digit of (0 - 2) + f + 7?
4
Let p = 209 + -68. What is the hundreds digit of p?
1
Let v(y) = -2*y + 8*y - 1 - 4*y. Let j(h) = h**2 + 2*h + 1. Let k be j(-4). What is the tens digit of v(k)?
1
What is the units digit of (-2 + 93/(-9))*-3?
7
Let b(w) = 7*w**2 - 2*w + 1. Suppose 3*z + 3 = 6. What is the units digit of b(z)?
6
Let t = 3 - 2. Let f = 3 + t. Suppose 14 - 46 = -f*x. What is the units digit of x?
8
Suppose -3*v = -5*v + 4*p + 278, -p = -3. What is the hundreds digit of v?
1
Let l = 3 + -1. Let f be 0/(-2) + -1 - l. What is the tens digit of (-12)/(-15)*(12 - f)?
1
Let c(t) = -7*t**3 - 3*t**2 - t + 2. What is the tens digit of c(-2)?
4
Suppose -2*p + 35 = -9. Let h = 36 - p. What is the units digit of h?
4
Suppose 2*m - 85 = s + 31, 3*m + 2*s - 160 = 0. What is the tens digit of m?
5
Let m = -21 - -43. What is the units digit of m?
2
Let y(i) = -i**3 + 7*i**2 - 5*i - 6. Let a be y(6). Suppose -4*g - 3*b + 132 = a, 2*g - b - 64 = -2*b. What is the units digit of g?
0
What is the tens digit of -5*6*(1 - 2)?
3
Suppose -4*q + 3 = -5. Let r be ((-1)/q)/((-1)/(-6)). What is the units digit of 10*12/(-45)*r?
8
Suppose 7 = -5*x + 6*x. What is the units digit of x?
7
Let g(q) be the third derivative of q**6/120 + q**5/30 - q**4/8 + q**3/6 - 2*q**2. Let w = 8 + -11. What is the units digit of g(w)?
1
Let l(t) = 12*t - 20. What is the tens digit of l(9)?
8
What is the tens digit of 16/(-4) - (-146 + 2)/1?
4
Suppose -5*p = 0, 0 = 2*h - 6*h + 3*p + 752. What is the tens digit of h?
8
Let a(g) = -2*g + 3*g - 4 + 1. Let f be a(6). Suppose 5*z - 6 = f*z. What is the units digit of z?
3
Suppose -g - k - 10 = 4*k, 4*g - 4 = 2*k. Suppose 0*a - a = g. Suppose -3*x + 6 = a, f + 2*f + 5*x = 25. What is the units digit of f?
5
Suppose -7 = -3*s - 1. Let l(i) = 0 + s*i - 4 + i. What is the units digit of l(3)?
5
Let y = -1 + 4. Suppose -c + 3*d = y, d + 0*d = 2. Let z = 5 - c. What is the units digit of z?
2
Suppose -10 = 5*s + 15. What is the units digit of 1/(5/(-2))*s?
2
Suppose 2*s + 3*o = 89, -3*s - 5*o = -s - 99. What is the units digit of s?
7
Let q be (-12)/(-16) - 46/8. Let r(y) be the first derivative of y**3/3 + 3*y**2/2 + 3*y - 1. What is the units digit of r(q)?
3
Let d(h) = 4*h. Let b be d(1). Suppose 0 = 2*j + b*l - 8, 2*l = -2*l + 12. What is the units digit of (j - -1)/((-1)/8)?
8
What is the tens digit of -2 + (-78)/(-3) + 3?
2
What is the units digit of (3 - 8/2) + -1 + 105?
3
Let o(z) = z**3 - 11*z**2 + 14*z - 4. What is the tens digit of o(10)?
3
Suppose -z - 5*j - 2 = -0*z, -4*j - 89 = -3*z. What is the tens digit of z?
2
Let c(o) = -o**2 + o + 3. Let d be c(0). Suppose 30 = -d*y + 4*y. What is the tens digit of y?
3
Let g(y) = 5*y**2 - 1. Suppose 0*i + 2*i - 4 = 4*a, 0 = i. Let b be g(a). Suppose 0 = 4*n, -5*x - b*n + 30 = -7*n. What is the units digit of x?
6
Let r be (5*-2)/((-5)/10). Suppose o - 7 = r. What is the units digit of o?
7
Suppose 1134 + 926 = 10*x. What is the tens digit of x?
0
Suppose -j + 15 + 14 = 0. What is the units digit of j?
9
Suppose 3*a - 4*j - 6 = 5, 13 = 3*a - 2*j. Suppose -t + 4*t - 44 = a*q, 57 = 4*t - 5*q. What is the units digit of t?
3
Suppose -4*y + 5*i = -245, 2*y + i - 118 = -i. What is the units digit of